{"id":326,"date":"2025-03-05T12:20:29","date_gmt":"2025-03-05T12:20:29","guid":{"rendered":"https:\/\/frigoxpert.de\/?page_id=326"},"modified":"2025-03-11T07:48:19","modified_gmt":"2025-03-11T07:48:19","slug":"impressum","status":"publish","type":"page","link":"https:\/\/frigoxpert.de\/index.php\/impressum\/","title":{"rendered":"Impressum"},"content":{"rendered":"\t\t<div data-elementor-type=\"wp-page\" data-elementor-id=\"326\" class=\"elementor elementor-326\" data-elementor-post-type=\"page\">\n\t\t\t\t<div data-particle_enable=\"false\" data-particle-mobile-disabled=\"false\" class=\"elementor-element elementor-element-cb4a779 e-con-full e-flex e-con e-parent\" data-id=\"cb4a779\" data-element_type=\"container\" data-e-type=\"container\">\n\t\t<div data-particle_enable=\"false\" data-particle-mobile-disabled=\"false\" class=\"elementor-element elementor-element-35927ad e-con-full e-flex e-con e-child\" data-id=\"35927ad\" data-element_type=\"container\" data-e-type=\"container\">\n\t\t\t\t<div class=\"elementor-element elementor-element-5eb1814 elementor-widget elementor-widget-text-editor\" data-id=\"5eb1814\" data-element_type=\"widget\" data-e-type=\"widget\" data-widget_type=\"text-editor.default\">\n\t\t\t\t<div class=\"elementor-widget-container\">\n\t\t\t\t\t\t\t\t\t<p><span class=\"Haendlerbund_Rechtstext_Absatz\"><strong><span class=\"Haendlerbund_Rechtstext_Paragraph\">Impressum<\/span><\/strong><\/span><br \/><strong><span class=\"Haendlerbund_Rechtstext_Absatz\"><span class=\"Haendlerbund_Rechtstext_Paragraph\"><span class=\"Haendlerbund_Rechtstext_Untertitel\">Gesetzliche Anbieterkennung:<\/span><\/span><\/span><\/strong><\/p><p><strong>\u00a0<\/strong><\/p><p><strong><span class=\"Haendlerbund_Rechtstext_Absatz\">FrigoXpert e.K.<\/span><\/strong><br \/><strong><span class=\"Haendlerbund_Rechtstext_Absatz\">Firmeninhaber: Andreas Thomas<br \/>Hardermark 4<\/span><\/strong><br \/><strong><span class=\"Haendlerbund_Rechtstext_Absatz\">D-76316 Malsch<\/span><\/strong><\/p><p><strong><span class=\"Haendlerbund_Rechtstext_Absatz\">Telefon: 07246 4453700<br \/>Fax:\u00a0 \u00a0 \u00a0 \u00a0 07246 4453709<\/span><br \/><span class=\"Haendlerbund_Rechtstext_Absatz\">E-Mail:\u00a0 \u00a0info@kaelteheld.com<br \/>Web:\u00a0 \u00a0 \u00a0 www.kaelteheld.com<\/span><\/strong><\/p><p>Registergericht: Amtsgericht Mannheim<br \/>Registernummer: HRA 712354<\/p><p><strong>Inhaltlich Verantwortlicher: Andreas Thomas (Anschrift s.o.)<\/strong><\/p><p><span class=\"Haendlerbund_Rechtstext_Absatz\"><strong>Alternative Streitbeilegung:<\/strong><br \/>Die Europ\u00e4ische Kommission stellt eine Plattform f\u00fcr die au\u00dfergerichtliche Online-Streitbeilegung (OS-Plattform) bereit, aufrufbar unter\u00a0<\/span><a href=\"https:\/\/ec.europa.eu\/consumers\/odr\" target=\"_blank\" rel=\"noopener\">https:\/\/ec.europa.eu\/odr<\/a><span class=\"Haendlerbund_Rechtstext_Absatz\">.<\/span><\/p><p><span class=\"Haendlerbund_Rechtstext_Absatz\">Wir sind nicht bereit und nicht verpflichtet, an Streitbeilegungsverfahren vor Verbraucherschlichtungsstellen teilzunehmen.<\/span><\/p><p><span class=\"Haendlerbund_Rechtstext_Absatz\"><strong>Wir sind seit\u00a0<\/strong><\/span><span class=\"Haendlerbund_Rechtstext_Absatz\"><strong>20.06.2022\u00a0<\/strong><\/span><span class=\"Haendlerbund_Rechtstext_Absatz\"><strong>Mitglied der Initiative &#8222;FairCommerce&#8220;.<\/strong><br \/>N\u00e4here Informationen hierzu finden Sie unter\u00a0<a href=\"https:\/\/www.haendlerbund.de\/de\/haendlerbund\/interessenvertretung\/faircommerce\" target=\"_blank\" rel=\"noopener\">www.haendlerbund.de\/faircommerce<\/a>.<\/span><\/p>\t\t\t\t\t\t\t\t<\/div>\n\t\t\t\t<\/div>\n\t\t\t\t<\/div>\n\t\t\t\t<\/div>\n\t\t\t\t<\/div>\n\t\t","protected":false},"excerpt":{"rendered":"<p>ImpressumGesetzliche Anbieterkennung: \u00a0 FrigoXpert e.K.Firmeninhaber: Andreas ThomasHardermark 4D-76316 Malsch Telefon: 07246 4453700Fax:\u00a0 \u00a0 \u00a0 \u00a0 07246 4453709E-Mail:\u00a0 \u00a0info@kaelteheld.comWeb:\u00a0 \u00a0 \u00a0 www.kaelteheld.com Registergericht: Amtsgericht MannheimRegisternummer: HRA 712354 Inhaltlich Verantwortlicher: Andreas Thomas (Anschrift s.o.) Alternative Streitbeilegung:Die Europ\u00e4ische Kommission stellt eine Plattform f\u00fcr die au\u00dfergerichtliche Online-Streitbeilegung (OS-Plattform) bereit, aufrufbar unter\u00a0https:\/\/ec.europa.eu\/odr. Wir sind nicht bereit und nicht verpflichtet, an [&hellip;]<\/p>\n","protected":false},"author":2,"featured_media":0,"parent":0,"menu_order":100,"comment_status":"closed","ping_status":"closed","template":"elementor_header_footer","meta":{"footnotes":""},"class_list":["post-326","page","type-page","status-publish","hentry"],"_links":{"self":[{"href":"https:\/\/frigoxpert.de\/index.php\/wp-json\/wp\/v2\/pages\/326","targetHints":{"allow":["GET"]}}],"collection":[{"href":"https:\/\/frigoxpert.de\/index.php\/wp-json\/wp\/v2\/pages"}],"about":[{"href":"https:\/\/frigoxpert.de\/index.php\/wp-json\/wp\/v2\/types\/page"}],"author":[{"embeddable":true,"href":"https:\/\/frigoxpert.de\/index.php\/wp-json\/wp\/v2\/users\/2"}],"replies":[{"embeddable":true,"href":"https:\/\/frigoxpert.de\/index.php\/wp-json\/wp\/v2\/comments?post=326"}],"version-history":[{"count":9,"href":"https:\/\/frigoxpert.de\/index.php\/wp-json\/wp\/v2\/pages\/326\/revisions"}],"predecessor-version":[{"id":737,"href":"https:\/\/frigoxpert.de\/index.php\/wp-json\/wp\/v2\/pages\/326\/revisions\/737"}],"wp:attachment":[{"href":"https:\/\/frigoxpert.de\/index.php\/wp-json\/wp\/v2\/media?parent=326"}],"curies":[{"name":"wp","href":"https:\/\/api.w.org\/{rel}","templated":true}]}}