{"id":1157,"date":"2025-03-18T12:34:05","date_gmt":"2025-03-18T12:34:05","guid":{"rendered":"https:\/\/frigoxpert.de\/?page_id=1157"},"modified":"2025-03-18T12:38:24","modified_gmt":"2025-03-18T12:38:24","slug":"eu-verordnung-2024-573-online-formular","status":"publish","type":"page","link":"https:\/\/frigoxpert.de\/index.php\/eu-verordnung-2024-573-online-formular\/","title":{"rendered":"EU-Verordnung 2024\/573"},"content":{"rendered":"\t\t<div data-elementor-type=\"wp-page\" data-elementor-id=\"1157\" class=\"elementor elementor-1157\" data-elementor-post-type=\"page\">\n\t\t\t\t<div data-particle_enable=\"false\" data-particle-mobile-disabled=\"false\" class=\"elementor-element elementor-element-799945d e-flex e-con-boxed e-con e-parent\" data-id=\"799945d\" data-element_type=\"container\" data-e-type=\"container\">\n\t\t\t\t\t<div class=\"e-con-inner\">\n\t\t<div data-particle_enable=\"false\" data-particle-mobile-disabled=\"false\" class=\"elementor-element elementor-element-25f0175 e-con-full e-flex e-con e-child\" data-id=\"25f0175\" data-element_type=\"container\" data-e-type=\"container\">\n\t\t\t\t<div class=\"elementor-element elementor-element-c6722c0 elementor-widget elementor-widget-shortcode\" data-id=\"c6722c0\" data-element_type=\"widget\" data-e-type=\"widget\" data-widget_type=\"shortcode.default\">\n\t\t\t\t<div class=\"elementor-widget-container\">\n\t\t\t\t\t\t\t<div class=\"elementor-shortcode\"><div id=\"piotnetforms\" class=\"piotnetforms piotnetforms-1147\" data-piotnetforms-shortcode-id=\"1147\"><form id=\"1147\" class=\"piotnetforms__form\" onsubmit=\"return false\"><div class=\"piotnet-section p25947924\">\t\t\t\t\t\t<div class=\"piotnet-section__container\"\n\t\t>\n\t\t<div class=\"piotnet-column p17015518\">\t\t\t\t\t\t<div class=\"piotnet-column__inner\"\n\t\t\t>\n\t\t<p class=\"p12227222\"><b>Ihre neue Klimaanlage von\nWichtige Informationen f\u00fcr die Inbetriebnahme<\/b><br ><br >\n\nHallo,<br>\n\nvielen Dank f\u00fcr Ihren Kauf bei KaelteHeld.com! Damit alles reibungslos abl\u00e4uft, ben\u00f6tigen wir noch eine wichtige Information von Ihnen. Sobald wir diese Information erhalten haben, k\u00f6nnen wir die n\u00e4chsten Schritte einleiten. Falls Sie Fragen haben, stehen wir Ihnen gerne zur Verf\u00fcgung.<br ><br >\n\nInformationen \u00fcber <b>Installation\/Inbetriebnahme f\u00fcr Split-Klimaanlagen und W\u00e4rmepumpen<\/b> zur Erf\u00fcllung von <b>EU-Verordnung 2024\/573<\/b><br ><br >\n\nLaut EU-Verordnung 2024\/573 ben\u00f6tigen wir die Information, mit welchem Fachbetrieb\/Handwerker Sie beabsichtigen, bei der Installation Ihrer Klimaanlage bzw. W\u00e4rmepumpe zusammenzuarbeiten.<br ><br ><\/p><div class=\"p40529532\">Hallo mein Name ist<\/div><script>jQuery(document).ready(function( $ ) {\t\t\t\t\t$('head').append('\n\t\t\t\t\t<link href=\"https:\/\/fonts.googleapis.com\/css2?family=Gothic+A1:wght@400&display=swap\" rel=\"stylesheet\">');\n\t\t\t\t\t\t$('head').append('\n\t\t\t\t\t<link href=\"https:\/\/fonts.googleapis.com\/css2?family=Gothic+A1:wght@400&display=swap\" rel=\"stylesheet\">');\n\t})<\/script>\t\t\n\t\t<div class=\"p75123272 piotnetforms-fields-wrapper piotnetforms-labels-above\">\n\t\t\t<div class=\"piotnetforms-field-type-text piotnetforms-field-group piotnetforms-column piotnetforms-column-flex piotnetforms-field-group-p03360903 piotnetforms-col-100 piotnetforms-field-required\">\n\t\t\t\t<label style=\"display:none\" for=\"form-field-p03360903\" class=\"piotnetforms-field-label piotnetforms-label-inline\">Ihr Name<\/label><div class=\"piotnetforms-field-container piotnetforms-field-inline\"><input size=\"1\" class=\"piotnetforms-field piotnetforms-size-\" type=\"text\" name=\"form_fields[p03360903]\" id=\"form-field-p03360903\" placeholder=\"Ihr Name\" autocomplete=\"on\" data-piotnetforms-default-value=\"\" required=\"required\" aria-required=\"true\" data-piotnetforms-id=\"1147\"><\/div><div data-piotnetforms-required><\/div>\t\t\t<\/div>\n\t\t<\/div>\n\t<div class=\"p84613364\">und meine Bestellnummer lautet:<\/div>\t\t\n\t\t<div class=\"p62611727 piotnetforms-fields-wrapper piotnetforms-labels-above\">\n\t\t\t<div class=\"piotnetforms-field-type-text piotnetforms-field-group piotnetforms-column piotnetforms-column-flex piotnetforms-field-group-p62611727 piotnetforms-col-100 piotnetforms-field-required\">\n\t\t\t\t<label style=\"display:none\" for=\"form-field-p62611727\" class=\"piotnetforms-field-label piotnetforms-label-inline\">Ihre Bestellnummer<\/label><div class=\"piotnetforms-field-container piotnetforms-field-inline\"><input size=\"1\" class=\"piotnetforms-field piotnetforms-size-\" type=\"text\" name=\"form_fields[p62611727]\" id=\"form-field-p62611727\" placeholder=\"Ihre Bestellnummer\" autocomplete=\"on\" data-piotnetforms-default-value=\"\" required=\"required\" aria-required=\"true\" data-piotnetforms-id=\"1147\"><\/div><div data-piotnetforms-required><\/div>\t\t\t<\/div>\n\t\t<\/div>\n\t\t\t\t<\/div>\n\t\t<\/div>\t\t\t<\/div>\n\t\t<\/div><div class=\"piotnet-section p27217380\">\t\t\t\t\t\t<div class=\"piotnet-section__container\"\n\t\t>\n\t\t<div class=\"piotnet-column p77717177\">\t\t\t\t\t\t<div class=\"piotnet-column__inner\"\n\t\t\t>\n\t\t<script>jQuery(document).ready(function( $ ) {\t\t\t\t\t$('head').append('\n\t\t\t\t\t<link href=\"https:\/\/fonts.googleapis.com\/css2?family=Gothic+A1:wght@400&display=swap\" rel=\"stylesheet\">');\n\t})<\/script><div class=\"p16022448\">Ich werde meine im Kaelteheld.com erworbene Klimaanlage von der Firma<\/div>\t\t\n\t\t<div class=\"p13596736 piotnetforms-fields-wrapper piotnetforms-labels-above\">\n\t\t\t<div class=\"piotnetforms-field-type-text piotnetforms-field-group piotnetforms-column  piotnetforms-field-group-p90346399 piotnetforms-col-100 piotnetforms-field-required\">\n\t\t\t\t<label style=\"display:none\" for=\"form-field-p90346399\" class=\"piotnetforms-field-label\">Installationsbetrieb (Firma)<\/label><div data-piotnetforms-required><\/div><div class=\"piotnetforms-field-container\"><input size=\"1\" class=\"piotnetforms-field piotnetforms-size-\" type=\"text\" name=\"form_fields[p90346399]\" id=\"form-field-p90346399\" placeholder=\"Installationsbetrieb (Firma)\" autocomplete=\"on\" data-piotnetforms-default-value=\"\" required=\"required\" aria-required=\"true\" data-piotnetforms-id=\"1147\"><\/div>\t\t\t<\/div>\n\t\t<\/div>\n\t<div class=\"p92961921\">mit der Anschrift<\/div>\t\t\n\t\t<div class=\"p79514979 piotnetforms-fields-wrapper piotnetforms-labels-above\">\n\t\t\t<div class=\"piotnetforms-field-type-text piotnetforms-field-group piotnetforms-column piotnetforms-column-flex piotnetforms-field-group-p95919866 piotnetforms-col-100 piotnetforms-field-required\">\n\t\t\t\t<label style=\"display:none\" for=\"form-field-p95919866\" class=\"piotnetforms-field-label piotnetforms-label-inline\">Stra\u00dfe, Hausnummer<\/label><div class=\"piotnetforms-field-container piotnetforms-field-inline\"><input size=\"1\" class=\"piotnetforms-field piotnetforms-size-\" type=\"text\" name=\"form_fields[p95919866]\" id=\"form-field-p95919866\" placeholder=\"Stra\u00dfe, Hausnummer\" autocomplete=\"on\" data-piotnetforms-default-value=\"\" required=\"required\" aria-required=\"true\" data-piotnetforms-id=\"1147\"><\/div><div data-piotnetforms-required><\/div>\t\t\t<\/div>\n\t\t<\/div>\n\t<div class=\"p37177766\">ausdem Ort <\/div>\t\t\n\t\t<div class=\"p83929627 piotnetforms-fields-wrapper piotnetforms-labels-above\">\n\t\t\t<div class=\"piotnetforms-field-type-text piotnetforms-field-group piotnetforms-column piotnetforms-column-flex piotnetforms-field-group-p83929627 piotnetforms-col-100 piotnetforms-field-required\">\n\t\t\t\t<label style=\"display:none\" for=\"form-field-p83929627\" class=\"piotnetforms-field-label piotnetforms-label-inline\">PLZ, Ort <\/label><div class=\"piotnetforms-field-container piotnetforms-field-inline\"><input size=\"1\" class=\"piotnetforms-field piotnetforms-size-\" type=\"text\" name=\"form_fields[p83929627]\" id=\"form-field-p83929627\" placeholder=\"PLZ, Ort \" autocomplete=\"on\" data-piotnetforms-default-value=\"\" required=\"required\" aria-required=\"true\" data-piotnetforms-id=\"1147\"><\/div><div data-piotnetforms-required><\/div>\t\t\t<\/div>\n\t\t<\/div>\n\t<div class=\"p10492979\">installieren lassen.<\/div>\t\t\t<\/div>\n\t\t<\/div>\t\t\t<\/div>\n\t\t<\/div><div class=\"piotnet-section p43841434\">\t\t\t\t\t\t<div class=\"piotnet-section__container\"\n\t\t>\n\t\t<div class=\"piotnet-column p25110212\">\t\t\t\t\t\t<div class=\"piotnet-column__inner\"\n\t\t\t>\n\t\t\t\t\n\t\t<div class=\"p78287909 piotnetforms-fields-wrapper piotnetforms-labels-above\">\n\t\t\t<div class=\"piotnetforms-field-type-signature piotnetforms-field-group piotnetforms-column  piotnetforms-field-group-p78287909 piotnetforms-col-100\">\n\t\t\t\t<label for=\"form-field-p78287909\" class=\"piotnetforms-field-label\">Ihre Unterschrift<\/label><div data-piotnetforms-required><\/div><div class=\"piotnetforms-field-container\"><div class=\"piotnetforms-signature\" data-piotnetforms-signature><canvas class=\"not-resize\" width=\"400\" height=\"200\"><\/canvas><input class=\"piotnetforms-field piotnetforms-size-\" type=\"signature\" name=\"form_fields[p78287909]\" id=\"form-field-p78287909\" autocomplete=\"on\" data-piotnetforms-default-value=\"\" data-piotnetforms-id=\"1147\"><div><button type=\"button\" class=\"piotnetforms-signature-clear\" data-piotnetforms-signature-clear>L\u00f6schen<\/button><button type=\"button\" class=\"piotnetforms-signature-export\" data-piotnetforms-signature-export style=\"display:none\"><\/button><\/div><\/div><\/div>\t\t\t<\/div>\n\t\t<\/div>\n\t\t\t\n\t\t<div class=\"p4853270 piotnetforms-fields-wrapper piotnetforms-labels-above\">\n\t\t\t<div class=\"piotnetforms-field-type-acceptance piotnetforms-field-group piotnetforms-column  piotnetforms-field-group-p57438719 piotnetforms-col-100 piotnetforms-field-required\">\n\t\t\t\t<div data-piotnetforms-required><\/div><div class=\"piotnetforms-field-container\"><div class=\"piotnetforms-field-subgroup piotnetforms-field-subgroup--square \"><span class=\"piotnetforms-field-option\"><input class=\"piotnetforms-field piotnetforms-size- piotnetforms-acceptance-field\" type=\"checkbox\" name=\"form_fields[p57438719]\" id=\"form-field-p57438719\" autocomplete=\"on\" data-piotnetforms-default-value=\"\" required=\"required\" aria-required=\"true\" data-piotnetforms-id=\"1147\" value=\"yes\"> <label for=\"form-field-p57438719\">Ich erkl\u00e4re mich mit der Verarbeitung der eingegebenen Daten sowie der <a href=\"https:\/\/frigoxpert.de\/index.php\/datenschutzerklaerung\/\" target=\"_blank\">Datenschutzerkl\u00e4rung<\/a> einverstanden.<\/label><\/span><\/div><\/div>\t\t\t<\/div>\n\t\t<\/div>\n\t\t\t\n\t\t<div class=\"p11743479 piotnetforms-fields-wrapper piotnetforms-labels-above\">\n\t\t\t<div class=\"piotnetforms-field-type-honeypot piotnetforms-field-group piotnetforms-column  piotnetforms-field-group-p11743479 piotnetforms-col-100\">\n\t\t\t\t<div data-piotnetforms-required><\/div><div class=\"piotnetforms-field-container\"><input size=\"1\" class=\"piotnetforms-field piotnetforms-size-\" type=\"honeypot\" name=\"form_fields[p11743479]\" id=\"form-field-p11743479\" autocomplete=\"on\" data-piotnetforms-default-value=\"\" data-piotnetforms-id=\"1147\" style=\"display:none !important;\"><\/div>\t\t\t<\/div>\n\t\t<\/div>\n\t\n\t\t<div class=\"p29302486 piotnetforms-submit piotnetforms-button-wrapper\">\n\n\t\t\t\t<input type=\"hidden\" name=\"post_id\" value=\"1147\" data-piotnetforms-hidden-form-id=\"1147\"\/>\n\t\t<input type=\"hidden\" name=\"form_id\" value=\"p29302486\" data-piotnetforms-hidden-form-id=\"1147\"\/>\n\t\t<input type=\"hidden\" name=\"remote_ip\" value=\"216.73.217.103\" data-piotnetforms-hidden-form-id=\"1147\"\/>\n\n\t\t\n\t\t\n\t\t\n\t\t\n\t\t<button class=\"piotnetforms-button\" type=\"submit\" role=\"button\" data-piotnetforms-required-text=\"Dieses Feld ist ein Pflichtfeld\" data-piotnetforms-submit-form-id=\"1147\" data-piotnetforms-submit-keyboard=\"false\" data-piotnetforms-submit-hide=\"false\">\n\t\t\t\t\t<span class=\"piotnetforms-button-content-wrapper\">\n\t\t\t<span class=\"piotnetforms-button-text piotnetforms-spinner\"><span class=\"icon-spinner-of-dots\"><\/span><\/span>\n\t\t\t\t\t\t<span class=\"piotnetforms-button-icon piotnetforms-align-icon-right\">\n\t\t\t\t<i class=\"fas fa-long-arrow-alt-right\" aria-hidden=\"true\"><\/i>\n\t\t\t<\/span>\n\t\t\t\t\t\t<span class=\"piotnetforms-button-text\">Jetzt Installationsbetrieb mitteilen<\/span>\n\t\t<\/span>\n\t\t\t\t<\/button>\n\t\t\n\t\t        \t\t        \t\t\n\t\t\n\t\t\n        \n            \t\t<div id=\"piotnetforms-trigger-success-1147\" data-piotnetforms-trigger-success=\"1147\" style=\"display: none\"><\/div>\n\t\t<div id=\"piotnetforms-trigger-failed-1147\" data-piotnetforms-trigger-failed=\"1147\" style=\"display: none\"><\/div>\n\t\t<div class=\"piotnetforms-alert piotnetforms-alert--mail\">\n\t\t\t<div class=\"piotnetforms-message piotnetforms-message-success\" role=\"alert\" data-piotnetforms-message=\"Erfolgreich versendet.\">Erfolgreich versendet.<\/div>\n\t\t\t<div class=\"piotnetforms-message piotnetforms-message-danger\" role=\"alert\" data-piotnetforms-message=\"Leider gab es einen Fehler.\">Leider gab es einen Fehler.<\/div>\n\t\t\t<!-- <div class=\"piotnetforms-message piotnetforms-help-inline\" role=\"alert\">Server error. Form not sent.<\/div> -->\n\t\t<\/div>\n\t\t\t\t<\/div>\n\t\t\t\t\t<\/div>\n\t\t<\/div>\t\t\t<\/div>\n\t\t<\/div><link rel=\"stylesheet\" href=\"https:\/\/frigoxpert.de\/wp-content\/uploads\/piotnetforms\/css\/1147.css?ver=15\" media=\"all\"><\/form><\/div><div data-piotnetforms-ajax-url=\"https:\/\/frigoxpert.de\/wp-admin\/admin-ajax.php\"><\/div><div data-piotnetforms-plugin-url=\"https:\/\/frigoxpert.de\/wp-content\/plugins\"><\/div><div data-piotnetforms-tinymce-upload=\"https:\/\/frigoxpert.de\/wp-content\/plugins\/piotnetforms-pro\/inc\/forms\/tinymce\/tinymce-upload.php\"><\/div><div data-piotnetforms-stripe-key=\"\"><\/div><div class=\"piotnetforms-break-point\" data-piotnetforms-break-point-md=\"1025\" data-piotnetforms-break-point-lg=\"767\"><\/div>\t<\/div>\n\t\t\t\t\t\t<\/div>\n\t\t\t\t<\/div>\n\t\t\t\t<\/div>\n\t\t\t\t\t<\/div>\n\t\t\t\t<\/div>\n\t\t\t\t<\/div>\n\t\t","protected":false},"excerpt":{"rendered":"","protected":false},"author":2,"featured_media":0,"parent":0,"menu_order":20,"comment_status":"closed","ping_status":"closed","template":"elementor_canvas","meta":{"footnotes":""},"class_list":["post-1157","page","type-page","status-publish","hentry"],"_links":{"self":[{"href":"https:\/\/frigoxpert.de\/index.php\/wp-json\/wp\/v2\/pages\/1157","targetHints":{"allow":["GET"]}}],"collection":[{"href":"https:\/\/frigoxpert.de\/index.php\/wp-json\/wp\/v2\/pages"}],"about":[{"href":"https:\/\/frigoxpert.de\/index.php\/wp-json\/wp\/v2\/types\/page"}],"author":[{"embeddable":true,"href":"https:\/\/frigoxpert.de\/index.php\/wp-json\/wp\/v2\/users\/2"}],"replies":[{"embeddable":true,"href":"https:\/\/frigoxpert.de\/index.php\/wp-json\/wp\/v2\/comments?post=1157"}],"version-history":[{"count":10,"href":"https:\/\/frigoxpert.de\/index.php\/wp-json\/wp\/v2\/pages\/1157\/revisions"}],"predecessor-version":[{"id":1168,"href":"https:\/\/frigoxpert.de\/index.php\/wp-json\/wp\/v2\/pages\/1157\/revisions\/1168"}],"wp:attachment":[{"href":"https:\/\/frigoxpert.de\/index.php\/wp-json\/wp\/v2\/media?parent=1157"}],"curies":[{"name":"wp","href":"https:\/\/api.w.org\/{rel}","templated":true}]}}